{"id":2202,"date":"2023-01-31T17:45:29","date_gmt":"2023-01-31T16:45:29","guid":{"rendered":"https:\/\/www.parcbeauregard.com\/studacademy\/?page_id=2202"},"modified":"2023-01-31T18:07:09","modified_gmt":"2023-01-31T17:07:09","slug":"mentions-legales","status":"publish","type":"page","link":"https:\/\/www.parcbeauregard.com\/studacademy\/mentions-legales\/","title":{"rendered":"Mentions l\u00e9gales"},"content":{"rendered":"<p>[et_pb_section fb_built=\u00a0\u00bb1&Prime; _builder_version=\u00a0\u00bb4.19.5&Prime; _module_preset=\u00a0\u00bbdefault\u00a0\u00bb custom_margin=\u00a0\u00bb||||false|false\u00a0\u00bb custom_padding=\u00a0\u00bb||||false|false\u00a0\u00bb hover_enabled=\u00a0\u00bb0&Prime; global_colors_info=\u00a0\u00bb{}\u00a0\u00bb sticky_enabled=\u00a0\u00bb0&Prime;][et_pb_row _builder_version=\u00a0\u00bb4.18.0&Prime; _module_preset=\u00a0\u00bbdefault\u00a0\u00bb global_colors_info=\u00a0\u00bb{}\u00a0\u00bb][et_pb_column type=\u00a0\u00bb4_4&Prime; _builder_version=\u00a0\u00bb4.18.0&Prime; _module_preset=\u00a0\u00bbdefault\u00a0\u00bb global_colors_info=\u00a0\u00bb{}\u00a0\u00bb][et_pb_text _builder_version=\u00a0\u00bb4.19.5&Prime; _module_preset=\u00a0\u00bbdefault\u00a0\u00bb text_text_color=\u00a0\u00bb#000000&Prime; header_font=\u00a0\u00bb|700||on|||||\u00a0\u00bb header_text_color=\u00a0\u00bb#80558c\u00a0\u00bb header_font_size=\u00a0\u00bb42px\u00a0\u00bb header_line_height=\u00a0\u00bb2em\u00a0\u00bb header_2_line_height=\u00a0\u00bb1.7em\u00a0\u00bb custom_padding=\u00a0\u00bb||||false|false\u00a0\u00bb hover_enabled=\u00a0\u00bb0&Prime; global_colors_info=\u00a0\u00bb{}\u00a0\u00bb sticky_enabled=\u00a0\u00bb0&Prime;]<\/p>\n<h1>MENTIONS L\u00c9GALES<\/h1>\n<h2>IDENTIFICATION DE L\u2019\u00c9DITEUR<\/h2>\n<p>L\u2019association STUD ACADEMY, est le repr\u00e9sentant l\u00e9gal du pr\u00e9sent site. Le pr\u00e9sent site est la propri\u00e9t\u00e9 de l\u2019Editeur du site. Il est mis \u00e0 la disposition des utilisateurs sous r\u00e9serve de leur acceptation inconditionnelle des conditions et des avertissements rappel\u00e9s ci-dessous.\u2028STUD ACADEMY<br \/>\n1 QUAI DE LA LOIRE<br \/>\n37210 \u2013 ROCHECORBON <\/p>\n<h2>H\u00c9BERGEMENT<\/h2>\n<p>OVH<br \/>\nSAS au capital de 10 069 020 \u20ac<br \/>\nRCS Lille M\u00e9tropole 424 761 419 00045<br \/>\nCode APE 2620Z<br \/>\nN\u00b0 TVA : FR 22 424 761 419<br \/>\nSi\u00e8ge social : 2 rue Kellermann \u2013 59100 Roubaix \u2013 France<\/p>\n<h2>TRAITEMENT DES DONN\u00c9ES \u00c0 CARACT\u00c8RE PERSONNEL<\/h2>\n<p>Conform\u00e9ment aux dispositions de la loi n\u00b0 78-17 du 6 janvier 1978 relative \u00e0 l\u2019informatique, aux fichiers et aux libert\u00e9s, vous disposez d\u2019un droit d\u2019acc\u00e8s, de modification, de rectification et de suppression des donn\u00e9es qui vous concernent. Pour demander une modification, rectification ou suppression des donn\u00e9es vous concernant, il vous suffit d\u2019envoyer un courrier par voie \u00e9lectronique ou postale \u00e0 la Direction de l\u2019information l\u00e9gale et administrative en justifiant de votre identit\u00e9.<\/p>\n<h2>LIENS HYPERTEXTES (RESPONSABILIT\u00c9)<\/h2>\n<p>Le pr\u00e9sent site ne contr\u00f4le pas les sites en connexion avec le sien, et ne saurait donc \u00eatre responsable de leur contenu. Les risques li\u00e9s \u00e0 l\u2019utilisation de ces sites incombent pleinement \u00e0 l\u2019utilisateur. Il se conformera \u00e0 leurs conditions d\u2019utilisation.<\/p>\n<h2>PROPRI\u00c9T\u00c9 INTELLECTUELLE<\/h2>\n<p>En accord avec les lois r\u00e9gissant la propri\u00e9t\u00e9 intellectuelle, la reproduction ou l\u2019utilisation des \u00e9l\u00e9ments se trouvant dans ce site Internet, en totalit\u00e9 ou en partie est strictement interdite. Seules sont maintenues les exceptions l\u00e9gales dont notamment la repr\u00e9sentation dans le cadre du cercle de famille, la copie priv\u00e9e ou le droit de courte citation.<br \/>\nAinsi, tous les textes, photos, logos, marques et autres \u00e9l\u00e9ments reproduits sur ce site sont r\u00e9serv\u00e9s et prot\u00e9g\u00e9s par le droit de la propri\u00e9t\u00e9 intellectuelle. (Droit auteur, droit voisin, droit des marques\u2026).<br \/>\nToute repr\u00e9sentation totale ou partielle de ce site par quelque proc\u00e9d\u00e9 que ce soit, sans l\u2019autorisation expresse de l\u2019exploitant du site Internet est interdite et constituerait une contrefa\u00e7on sanctionn\u00e9e par les articles L 335-2 et suivants du Code de la propri\u00e9t\u00e9 intellectuelle.<br \/>\nIl en est de m\u00eame des \u00e9ventuelles bases de donn\u00e9es figurant sur le site Internet qui sont prot\u00e9g\u00e9es par les dispositions de la loi du 11 juillet 1998 portant transposition dans le Code de la propri\u00e9t\u00e9 intellectuelle (CPI) de la directive europ\u00e9enne du 11 mars 1996 relative \u00e0 la protection juridique des bases de donn\u00e9es.<\/p>\n<h2>UTILISATION DES COOKIES<\/h2>\n<p>La navigation sur ce site est susceptible de provoquer l\u2019installation de cookie(s) sur l\u2019ordinateur de l\u2019utilisateur. Un cookie est un fichier de petite taille, qui ne permet pas l\u2019identification de l\u2019utilisateur, mais qui enregistre des informations relatives \u00e0 la navigation d\u2019un ordinateur sur un site. Les donn\u00e9es ainsi obtenues visent \u00e0 faciliter la navigation ult\u00e9rieure sur le site, et ont \u00e9galement vocation \u00e0 permettre diverses mesures de fr\u00e9quentation.[\/et_pb_text][\/et_pb_column][\/et_pb_row][\/et_pb_section]<\/p>\n","protected":false},"excerpt":{"rendered":"<p>MENTIONS L\u00c9GALES IDENTIFICATION DE L\u2019\u00c9DITEUR L\u2019association STUD ACADEMY, est le repr\u00e9sentant l\u00e9gal du pr\u00e9sent site. Le pr\u00e9sent site est la propri\u00e9t\u00e9 de l\u2019Editeur du site. Il est mis \u00e0 la disposition des utilisateurs sous r\u00e9serve de leur acceptation inconditionnelle des conditions et des avertissements rappel\u00e9s ci-dessous.\u2028STUD ACADEMY 1 QUAI DE LA LOIRE 37210 \u2013 ROCHECORBON [&hellip;]<\/p>\n","protected":false},"author":1,"featured_media":0,"parent":0,"menu_order":0,"comment_status":"closed","ping_status":"closed","template":"","meta":{"_acf_changed":false,"_et_pb_use_builder":"on","_et_pb_old_content":"","_et_gb_content_width":"","footnotes":""},"class_list":["post-2202","page","type-page","status-publish","hentry"],"acf":[],"yoast_head":"<!-- This site is optimized with the Yoast SEO plugin v23.7 - https:\/\/yoast.com\/wordpress\/plugins\/seo\/ -->\n<title>Mentions l\u00e9gales - Parc Beauregard StudAcademy<\/title>\n<meta name=\"robots\" content=\"noindex, follow, max-snippet:-1, max-image-preview:large, max-video-preview:-1\" \/>\n<meta property=\"og:locale\" content=\"fr_FR\" \/>\n<meta property=\"og:type\" content=\"article\" \/>\n<meta property=\"og:title\" content=\"Mentions l\u00e9gales - Parc Beauregard StudAcademy\" \/>\n<meta property=\"og:description\" content=\"MENTIONS L\u00c9GALES IDENTIFICATION DE L\u2019\u00c9DITEUR L\u2019association STUD ACADEMY, est le repr\u00e9sentant l\u00e9gal du pr\u00e9sent site. Le pr\u00e9sent site est la propri\u00e9t\u00e9 de l\u2019Editeur du site. Il est mis \u00e0 la disposition des utilisateurs sous r\u00e9serve de leur acceptation inconditionnelle des conditions et des avertissements rappel\u00e9s ci-dessous.\u2028STUD ACADEMY 1 QUAI DE LA LOIRE 37210 \u2013 ROCHECORBON [&hellip;]\" \/>\n<meta property=\"og:url\" content=\"https:\/\/www.parcbeauregard.com\/studacademy\/mentions-legales\/\" \/>\n<meta property=\"og:site_name\" content=\"Parc Beauregard StudAcademy\" \/>\n<meta property=\"article:modified_time\" content=\"2023-01-31T17:07:09+00:00\" \/>\n<meta name=\"twitter:card\" content=\"summary_large_image\" \/>\n<meta name=\"twitter:label1\" content=\"Dur\u00e9e de lecture estim\u00e9e\" \/>\n\t<meta name=\"twitter:data1\" content=\"3 minutes\" \/>\n<script type=\"application\/ld+json\" class=\"yoast-schema-graph\">{\"@context\":\"https:\/\/schema.org\",\"@graph\":[{\"@type\":\"WebPage\",\"@id\":\"https:\/\/www.parcbeauregard.com\/studacademy\/mentions-legales\/\",\"url\":\"https:\/\/www.parcbeauregard.com\/studacademy\/mentions-legales\/\",\"name\":\"Mentions l\u00e9gales - Parc Beauregard StudAcademy\",\"isPartOf\":{\"@id\":\"https:\/\/www.parcbeauregard.com\/studacademy\/#website\"},\"datePublished\":\"2023-01-31T16:45:29+00:00\",\"dateModified\":\"2023-01-31T17:07:09+00:00\",\"breadcrumb\":{\"@id\":\"https:\/\/www.parcbeauregard.com\/studacademy\/mentions-legales\/#breadcrumb\"},\"inLanguage\":\"fr-FR\",\"potentialAction\":[{\"@type\":\"ReadAction\",\"target\":[\"https:\/\/www.parcbeauregard.com\/studacademy\/mentions-legales\/\"]}]},{\"@type\":\"BreadcrumbList\",\"@id\":\"https:\/\/www.parcbeauregard.com\/studacademy\/mentions-legales\/#breadcrumb\",\"itemListElement\":[{\"@type\":\"ListItem\",\"position\":1,\"name\":\"Accueil\",\"item\":\"https:\/\/www.parcbeauregard.com\/studacademy\/\"},{\"@type\":\"ListItem\",\"position\":2,\"name\":\"Mentions l\u00e9gales\"}]},{\"@type\":\"WebSite\",\"@id\":\"https:\/\/www.parcbeauregard.com\/studacademy\/#website\",\"url\":\"https:\/\/www.parcbeauregard.com\/studacademy\/\",\"name\":\"Parc Beauregard StudAcademy\",\"description\":\"\",\"potentialAction\":[{\"@type\":\"SearchAction\",\"target\":{\"@type\":\"EntryPoint\",\"urlTemplate\":\"https:\/\/www.parcbeauregard.com\/studacademy\/?s={search_term_string}\"},\"query-input\":{\"@type\":\"PropertyValueSpecification\",\"valueRequired\":true,\"valueName\":\"search_term_string\"}}],\"inLanguage\":\"fr-FR\"}]}<\/script>\n<!-- \/ Yoast SEO plugin. -->","yoast_head_json":{"title":"Mentions l\u00e9gales - Parc Beauregard StudAcademy","robots":{"index":"noindex","follow":"follow","max-snippet":"max-snippet:-1","max-image-preview":"max-image-preview:large","max-video-preview":"max-video-preview:-1"},"og_locale":"fr_FR","og_type":"article","og_title":"Mentions l\u00e9gales - Parc Beauregard StudAcademy","og_description":"MENTIONS L\u00c9GALES IDENTIFICATION DE L\u2019\u00c9DITEUR L\u2019association STUD ACADEMY, est le repr\u00e9sentant l\u00e9gal du pr\u00e9sent site. Le pr\u00e9sent site est la propri\u00e9t\u00e9 de l\u2019Editeur du site. Il est mis \u00e0 la disposition des utilisateurs sous r\u00e9serve de leur acceptation inconditionnelle des conditions et des avertissements rappel\u00e9s ci-dessous.\u2028STUD ACADEMY 1 QUAI DE LA LOIRE 37210 \u2013 ROCHECORBON [&hellip;]","og_url":"https:\/\/www.parcbeauregard.com\/studacademy\/mentions-legales\/","og_site_name":"Parc Beauregard StudAcademy","article_modified_time":"2023-01-31T17:07:09+00:00","twitter_card":"summary_large_image","twitter_misc":{"Dur\u00e9e de lecture estim\u00e9e":"3 minutes"},"schema":{"@context":"https:\/\/schema.org","@graph":[{"@type":"WebPage","@id":"https:\/\/www.parcbeauregard.com\/studacademy\/mentions-legales\/","url":"https:\/\/www.parcbeauregard.com\/studacademy\/mentions-legales\/","name":"Mentions l\u00e9gales - Parc Beauregard StudAcademy","isPartOf":{"@id":"https:\/\/www.parcbeauregard.com\/studacademy\/#website"},"datePublished":"2023-01-31T16:45:29+00:00","dateModified":"2023-01-31T17:07:09+00:00","breadcrumb":{"@id":"https:\/\/www.parcbeauregard.com\/studacademy\/mentions-legales\/#breadcrumb"},"inLanguage":"fr-FR","potentialAction":[{"@type":"ReadAction","target":["https:\/\/www.parcbeauregard.com\/studacademy\/mentions-legales\/"]}]},{"@type":"BreadcrumbList","@id":"https:\/\/www.parcbeauregard.com\/studacademy\/mentions-legales\/#breadcrumb","itemListElement":[{"@type":"ListItem","position":1,"name":"Accueil","item":"https:\/\/www.parcbeauregard.com\/studacademy\/"},{"@type":"ListItem","position":2,"name":"Mentions l\u00e9gales"}]},{"@type":"WebSite","@id":"https:\/\/www.parcbeauregard.com\/studacademy\/#website","url":"https:\/\/www.parcbeauregard.com\/studacademy\/","name":"Parc Beauregard StudAcademy","description":"","potentialAction":[{"@type":"SearchAction","target":{"@type":"EntryPoint","urlTemplate":"https:\/\/www.parcbeauregard.com\/studacademy\/?s={search_term_string}"},"query-input":{"@type":"PropertyValueSpecification","valueRequired":true,"valueName":"search_term_string"}}],"inLanguage":"fr-FR"}]}},"_links":{"self":[{"href":"https:\/\/www.parcbeauregard.com\/studacademy\/wp-json\/wp\/v2\/pages\/2202","targetHints":{"allow":["GET"]}}],"collection":[{"href":"https:\/\/www.parcbeauregard.com\/studacademy\/wp-json\/wp\/v2\/pages"}],"about":[{"href":"https:\/\/www.parcbeauregard.com\/studacademy\/wp-json\/wp\/v2\/types\/page"}],"author":[{"embeddable":true,"href":"https:\/\/www.parcbeauregard.com\/studacademy\/wp-json\/wp\/v2\/users\/1"}],"replies":[{"embeddable":true,"href":"https:\/\/www.parcbeauregard.com\/studacademy\/wp-json\/wp\/v2\/comments?post=2202"}],"version-history":[{"count":3,"href":"https:\/\/www.parcbeauregard.com\/studacademy\/wp-json\/wp\/v2\/pages\/2202\/revisions"}],"predecessor-version":[{"id":2209,"href":"https:\/\/www.parcbeauregard.com\/studacademy\/wp-json\/wp\/v2\/pages\/2202\/revisions\/2209"}],"wp:attachment":[{"href":"https:\/\/www.parcbeauregard.com\/studacademy\/wp-json\/wp\/v2\/media?parent=2202"}],"curies":[{"name":"wp","href":"https:\/\/api.w.org\/{rel}","templated":true}]}}